t h = 79 + -73. Determine q(h).
-11
Let b(f) be the first derivative of -f**3/3 + f**2/2 + f - 9. Give b(2).
-1
Let i = -10 - -4. Let w(x) be the second derivative of 0 + 1/2*x**2 - 1/12*x**4 - x**3 + x. Determine w(i).
1
Let k(r) = -r - 14. Let v be (1 - (0 + 2))*(-1 + 1). Calculate k(v).
-14
Let n be (-2)/(-4) + (-4)/8. Let g(h) = -h**3 + h**2 + h - 5. Determine g(n).
-5
Let p(c) = -c + 3*c - 3*c - 7. Let q be p(-3). Let s be (1/(-2))/(q/(-24)). Let d(r) = r + 4. What is d(s)?
1
Let i(n) = n**3 - 5*n**2 - 5*n - 1. Let c be i(6). Suppose 3*t - 4*f + 18 = t, c*t - 4*f = -15. Let p(l) = 6*l**3 - 2*l + 1. Give p(t).
5
Let d(l) = 5*l**2 - 4*l - 3. Let p(g) = -4*g**2 + 4*g + 6 - 2 + g. Let q = -7 - -3. Let s(w) = q*p(w) - 5*d(w). Determine s(-1).
-10
Let v(d) be the third derivative of -d**5/30 + d**4/12 + 2*d**3/3 - 12*d**2. Suppose 0 = x - 3. Give v(x).
-8
Let u(b) = b**3 + 5*b**2 + 10*b + 2. Let c(z) = -z**3 - 6*z**2 - 9*z - 2. Let q(n) = 4*c(n) + 3*u(n). What is q(-8)?
-18
Let f(j) be the first derivative of j**3/3 + 7*j**2/2 + 3*j - 1. Let u = -5 - 1. Calculate f(u).
-3
Suppose -d - 20 - 5 = -4*y, d = -y. Suppose r + 0*r - 2 = 0. Let n(h) = 4*h + 15. Let x(s) = -s - 5. Let q(t) = r*n(t) + 7*x(t). Give q(y).
0
Let k(s) = -3 - s**3 - 4*s + 3*s**2 + s + 2*s**2. Suppose 2*i = -0*i + 10. Suppose n = -i*r - 16, -n + 32 = 4*n - 3*r. Determine k(n).
1
Let t(x) = -4*x**2 - 1. Let o = -7 - -12. Suppose o*g - 3 = 4*g. Suppose -4*k = -g*w + 19, -2*w - 2*k = -3 + 9. Give t(w).
-5
Let n be (-60)/90 + 32/(-6). Let b(q) be the second derivative of -q**5/20 - 5*q**4/12 + 5*q**3/6 + 9*q**2/2 + q. Calculate b(n).
15
Let v(q) = 5*q**2 + 7*q - 12*q**2 - q - 6. Let n(a) = -15*a**2 + 12*a - 13. Let w(m) = -6*n(m) + 13*v(m). Let k be ((-10)/4)/(1/(-2)). Determine w(k).
5
Let k(y) = -4 + 1 + 3 - 5 - 7*y**2 + 6*y. Let b(v) = 13*v**2 - 12*v + 9. Let q(g) = -6*b(g) - 11*k(g). Calculate q(5).
6
Let k(l) = -7*l**3 + 10*l - 1 - 1 + 9*l**2 + 1 - 3. Let n(t) = -13*t**3 + 17*t**2 + 19*t - 7. Let y(q) = -11*k(q) + 6*n(q). Let s = -1 + 5. Give y(s).
2
Let q = 13 - 15. Let i(s) = -2*s**3 - 3*s**2 - 2*s - 3. Let u be i(q). Let x(h) = h**2 - 5*h + 2. Give x(u).
2
Let t(v) = -v - 1 - 5*v**2 + 4*v - v. Suppose 27*r = -18*r + 45. What is t(r)?
-4
Let d(v) = -3*v**2. Let g(t) = -3 + 3 + 7 + t. Let m be 74/(-10) - 6/10. Let b be g(m). What is d(b)?
-3
Suppose -91*i + 24 = -95*i. Let u(g) be the second derivative of -g**3/6 - g**2 - g. Determine u(i).
4
Suppose s = -5*z + 17, 8 = z + z. Let a(u) = -u**3 - 2*u**2 + 6*u - 1. Let d(o) = -o + 1. Let y(n) = -a(n) - 4*d(n). Give y(s).
-6
Suppose 0 = -4*f + f. Let u(g) = 0 + 2 - 4*g - g + f*g. Let x(s) = -s**2 + 4*s - 1. Let r be x(3). Give u(r).
-8
Let r(q) = 5*q**3 - 9*q**2 + 2*q + 1. Let d(u) = 11*u**3 - 19*u**2 + 5*u + 1. Let c(b) = -4*d(b) + 9*r(b). Give c(5).
-5
Let a(j) = -5*j - 7. Let u(w) = 4*w + 6. Let v(q) = 3*a(q) + 4*u(q). Let b(d) = d + 1. Let s be b(-4). What is v(s)?
0
Let s(d) = -d**3 + d**2 + 1. Let p(t) = -5*t**3 + t**2 - 7*t + 5. Let l(m) = -p(m) + 6*s(m). Let j = -3 + 9. What is l(j)?
7
Let b(w) be the second derivative of -w**5/20 + w**4/12 + w**3/6 - 3*w**2/2 + w. Suppose 3*d + 2*d = 0. Calculate b(d).
-3
Let l(q) = 15*q**3 + 6*q**2 - 6. Let g(j) = -3*j + 7. Let k be g(4). Let d(c) = c**3 + c**2 - 1. Let p(n) = k*d(n) + l(n). Calculate p(1).
10
Let r(l) = -22*l + 1. Let b be (3/(-6))/((-1)/2). What is r(b)?
-21
Let f(i) = i**2 - 8*i - 8. Suppose -4*w + 24 = -12. Give f(w).
1
Let n be (-5)/3*(5 + -8). Let p(z) = z**3 - 3*z + 5 - 3*z**2 + 4*z - n*z. What is p(4)?
5
Let a(c) be the third derivative of -c**5/60 + c**4/4 + 4*c**3/3 - 25*c**2. What is a(6)?
8
Let l(b) = b + 10. Let q be l(-5). Let x(y) = -1 - 3*y - q*y + 7*y + y**3. What is x(2)?
5
Suppose w - 5*m + 30 = 0, -2*m = -w - m - 10. Let q(o) = -o**2 - 5*o + 6. Give q(w).
6
Let o(j) be the second derivative of -j**4/12 - 5*j**3/6 + 3*j**2/2 - 18*j. Calculate o(-5).
3
Let b(c) = 4*c. Let i(t) = 4*t**2 - 45*t + 40. Let l(q) = q**2 - 11*q + 10. Let g(d) = 2*i(d) - 9*l(d). Let p be g(8). Determine b(p).
-8
Let y(r) be the second derivative of 5*r**4/24 - r**2/2 + 4*r. Let z(q) be the first derivative of y(q). Calculate z(-1).
-5
Suppose 3*p - 24 = -4*a + p, -2*a + 18 = -2*p. Let z = 2 - a. Let s(t) = -t - 11. What is s(z)?
-6
Let i = -24 - -26. Let p(c) = -8*c + 0*c**i + 7 - 2 - 3*c**2 + c**2. What is p(-6)?
-19
Let v(a) = 6*a**3 - a**2. Suppose 5*f = 5*k + 5, f = -2*k - 0*k + 1. Let i = k - 1. What is v(i)?
-7
Suppose -2*n + 8 = -2*p - 2, -n - 5*p - 1 = 0. Let f(b) = -b**2 + 2*b - 2. Determine f(n).
-10
Let j be (-2 + (-9)/(-6))*-4. Suppose 0 = -a - j*a + 45. Suppose -4*k - 4*x = -20, -2*k + 7*k = 3*x - a. Let d(w) = w + 8. What is d(k)?
8
Let a(d) be the second derivative of -d**5/20 + d**4/12 + d**3/3 + 3*d**2/2 - 6*d. Determine a(3).
-9
Let p(d) = d**3 - 4*d**2 - 2*d - 7. Let w(x) = 0*x**3 - 10*x**2 - x**3 + 4*x - 1 + 9*x**2. Suppose k - 2*u + 1 = -4, -4*k = u + 11. Let b be w(k). Give p(b).
8
Let l(d) = -1. Let c(o) = o**2 - 4*o - 2. Let p(z) = -z + 7. Let v be p(5). Let k(g) = v*l(g) - c(g). Suppose -3*y + 6 + 3 = 0. Calculate k(y).
3
Let v(g) be the third derivative of g**4/8 + g**3/3 - g**2. What is v(-2)?
-4
Let o(r) = -3*r**2 + 3 + 2*r**2 + 0*r**2 + 5*r. Suppose -3*p = -g - 2*g, g + 8 = 3*p. Suppose -p - 10 = -5*f + 3*m, -f + 5*m - 6 = 0. What is o(f)?
7
Let o(h) = -h**2 + 10*h - 6. Let t be o(5). Suppose -3 = 4*l - t. Let d(p) = -p + 5. Calculate d(l).
1
Let z be (-2 - -1)/((-2)/(-6)). Let v(r) be the first derivative of -r**3/3 + 4*r + 3. Calculate v(z).
-5
Let n(d) = -678 + d**3 + 5*d**2 + 0*d + 2*d + 675. Give n(-3).
9
Let g(v) = -9*v - v**3 - 7*v**2 + 21*v**2 - 7*v**2 + 8. What is g(6)?
-10
Suppose -a = -4*p + 21 - 6, -p + 15 = -4*a. Let t(u) = 3*u**2 + p*u - u**3 + 6 + 2*u - 2 - 6*u**2. Calculate t(-4).
0
Let p(d) = d + 8. Let w be p(-4). Let r(x) = -x**2 + 5*x + 1. Let i be r(w). Suppose i = -3*m + 2. Let j(n) = 2*n**2 + n + 1. Give j(m).
2
Let y(n) = n**3 - 3*n**2 - 5. Let d(c) = -c**3 + 2*c + 1. Let i be d(-2). Suppose -i*m - 4*h + 38 - 6 = 0, 5*h + 1 = 4*m. What is y(m)?
11
Let u(p) = 5*p**2 + 9*p - 2. Let v(s) = 6*s**2 + 10*s - 2. Let t(k) = -5*u(k) + 4*v(k). Determine t(-4).
6
Let q be (-2)/(-10) + (-88)/40. Let d(g) = -4*g - 3. What is d(q)?
5
Let k(r) = -8*r + 3 + 2*r + 7*r. Calculate k(-2).
1
Let t(r) = -2*r - 6. Suppose 3*g - 6 = -3, 1 = -f - 3*g. Give t(f).
2
Let d(j) = -6*j**3 + j**2 + 2*j + 1. Let z be d(-1). Let l(o) be the second derivative of o**3/6 - 4*o**2 + 4*o. Let y be l(z). Let t(u) = -u - 2. Give t(y).
0
Let n = -20 - -22. Suppose -3*s = -n*s. Let t(a) = -a - 1. Let q(c) = 4*c + 5. Let x(i) = -q(i) - 5*t(i). Determine x(s).
0
Let q(g) = g**2 + 2*g + 2. Suppose -4*m + 7 + 1 = 0. Let k = m - 4. Calculate q(k).
2
Suppose 5*o + 6 + 4 = 0. Let k(y) = -4*y + 2. Let f(i) = -3*i + 2. Let g(x) = o*k(x) + 3*f(x). Give g(4).
-2
Let t(y) = y**3 + 10*y**2 + 7*y - 13. Suppose -10 = -3*z - 37. Let v be t(z). Let j(c) = -1 - 2*c + c**3 + 2 + c - v*c**2. Give j(5).
-4
Let k(r) = -2*r - 9. Let i(v) = -v**3 - 6*v**2 + v. Let o be i(-6). Determine k(o).
3
Let q = -1 + -1. Let l be ((-3)/4)/(q/(-8)). Let a(w) = -2*w + 3. What is a(l)?
9
Let d(q) = 12*q - 3. Let j(m) be the third derivative of -m**4/4 + m**3/6 + 6*m**2. Let b(n) = -2*d(n) - 5*j(n). Determine b(1).
7
Let i(m) = -m**2 - 3*m + 3. Let x(h) = 2*h**3 - 9*h**2 + h + 7. Let p be x(4). Determine i(p).
-7
Suppose -2 = -2*m + 8. Let y = -20 + 22. Let t(u) = 3*u**2 + 4*u**2 + 5 + 5*u - 4*u**y - 4*u**2. What is t(m)?
5
Let p(f) be the third derivative of 1/120*f**6 + 0 - 2*f**2 - 1/15*f**5 + 2/3*f**3 + 1/8*f**4 + 0*f. Let y be 6/(-4)*(1 + -3). Determine p(y).
4
Let s(x) be the first derivative of x**3/3 - x**2 + 3*x + 5. Let q = 4 - 2. Calculate s(q).
3
Suppose -5*a = -2*a + 24. Let j = 11 + a. Let x(o) = -o**3 + 3*o**2 + o - 4. Give x(j).
-1
Let v be (-2)/(-7) + (-150)/(-14). Suppose v - 3 = 2*f. Let m(q) = q**2 - 5*q + 4. Give m(f).
0
Let y(u) be the second derivative of -1/6*u**3 + 4*u**2 - u + 0. Let o(d) = 3*d + 18. Let f be o(-6). Determine y(f).
8
Let j = 1 - 5. Let i = 6 + j. Suppose 0 = i*y - y. Let t(n) = n**2 + n - 2. Calculate t(y).
-2
Let z = -39 - -42. Let x(r) = 10*r + 5. Let u(p)